
What is the remainder when 84380 is divided by 1029?
2
What is the remainder when 11784 is divided by 128?
8
What is the remainder when 5553 is divided by 5539?
14
What is the remainder when 21003 is divided by 1736?
171
Calculate the remainder when 53950 is divided by 160.
30
What is the remainder when 28788 is divided by 49?
25
Calculate the remainder when 243 is divided by 66.
45
Calculate the remainder when 3613 is divided by 520.
493
Calculate the remainder when 10312 is divided by 2550.
112
What is the remainder when 3522 is divided by 13?
12
Calculate the remainder when 144817 is divided by 1406.
1405
What is the remainder when 40267 is divided by 77?
73
What is the remainder when 98009 is divided by 110?
109
What is the remainder when 152031 is divided by 382?
377
What is the remainder when 29758 is divided by 14770?
218
What is the remainder when 874 is divided by 296?
282
What is the remainder when 16990 is divided by 8492?
6
Calculate the remainder when 11698 is divided by 49.
36
Calculate the remainder when 881726 is divided by 143.
131
Calculate the remainder when 377 is divided by 181.
15
Calculate the remainder when 4881 is divided by 811.
15
Calculate the remainder when 3570 is divided by 3331.
239
What is the remainder when 63832 is divided by 779?
733
Calculate the remainder when 3455 is divided by 315.
305
What is the remainder when 197899 is divided by 26?
13
Calculate the remainder when 42206 is divided by 1563.
5
What is the remainder when 1943 is divided by 1921?
22
What is the remainder when 15533 is divided by 495?
188
What is the remainder when 4256 is divided by 536?
504
Calculate the remainder when 1052514 is divided by 181.
180
Calculate the remainder when 57037 is divided by 11407.
2
What is the remainder when 9232 is divided by 868?
552
Calculate the remainder when 4457 is divided by 1336.
449
Calculate the remainder when 6585 is divided by 84.
33
Calculate the remainder when 13011 is divided by 251.
210
What is the remainder when 388947 is divided by 286?
273
Calculate the remainder when 2228 is divided by 1099.
30
Calculate the remainder when 477066 is divided by 470.
16
What is the remainder when 5778 is divided by 70?
38
Calculate the remainder when 23555 is divided by 31.
26
What is the remainder when 2025 is divided by 772?
481
What is the remainder when 17584 is divided by 40?
24
What is the remainder when 13330 is divided by 1013?
161
Calculate the remainder when 35450 is divided by 11811.
17
Calculate the remainder when 73117 is divided by 253.
0
What is the remainder when 29684 is divided by 163?
18
What is the remainder when 16687 is divided by 668?
655
What is the remainder when 12574 is divided by 4186?
16
Calculate the remainder when 87790 is divided by 2090.
10
What is the remainder when 658360 is divided by 693?
10
What is the remainder when 1045082 is divided by 334?
330
What is the remainder when 1426 is divided by 834?
592
What is the remainder when 119209 is divided by 44?
13
Calculate the remainder when 46242 is divided by 12.
6
Calculate the remainder when 10038 is divided by 159.
21
What is the remainder when 10870 is divided by 351?
340
Calculate the remainder when 8677 is divided by 20.
17
What is the remainder when 22258 is divided by 130?
28
Calculate the remainder when 916950 is divided by 44.
34
What is the remainder when 8044 is divided by 12?
4
Calculate the remainder when 53086 is divided by 347.
342
What is the remainder when 2619 is divided by 36?
27
What is the remainder when 512 is divided by 74?
68
Calculate the remainder when 2090523 is divided by 284.
283
What is the remainder when 55521 is divided by 30?
21
Calculate the remainder when 144259 is divided by 9.
7
What is the remainder when 767 is divided by 197?
176
Calculate the remainder when 131274 is divided by 155.
144
What is the remainder when 32683 is divided by 1211?
1197
What is the remainder when 2830 is divided by 2794?
36
What is the remainder when 58422 is divided by 649?
12
Calculate the remainder when 606189 is divided by 146.
143
What is the remainder when 11254 is divided by 194?
2
What is the remainder when 13701 is divided by 58?
13
Calculate the remainder when 1822 is divided by 600.
22
Calculate the remainder when 63873 is divided by 36.
9
What is the remainder when 26870 is divided by 4476?
14
What is the remainder when 7834 is divided by 1958?
2
What is the remainder when 451396 is divided by 138?
136
Calculate the remainder when 121747 is divided by 14.
3
Calculate the remainder when 11880 is divided by 55.
0
What is the remainder when 464728 is divided by 21?
19
What is the remainder when 28890 is divided by 498?
6
What is the remainder when 535759 is divided by 37?
36
What is the remainder when 22295 is divided by 71?
1
Calculate the remainder when 224450 is divided by 224434.
16
Calculate the remainder when 20597 is divided by 6857.
26
Calculate the remainder when 10237 is divided by 331.
307
What is the remainder when 184024 is divided by 92009?
6
What is the remainder when 97456 is divided by 357?
352
What is the remainder when 10448 is divided by 3474?
26
Calculate the remainder when 731 is divided by 264.
203
What is the remainder when 522021 is divided by 34800?
21
Calculate the remainder when 152185 is divided by 152180.
5
Calculate the remainder when 13675 is divided by 171.
166
Calculate the remainder when 334018 is divided by 1687.
1679
Calculate the remainder when 81763 is divided by 629.
622
What is the remainder when 14136 is divided by 134?
66
Calculate the remainder when 9947 is divided by 1656.
11
What is the remainder when 11051 is divided by 848?
27
What is the remainder when 54023 is divided by 27002?
19
What is the remainder when 3198 is divided by 1064?
6
What is the remainder when 32500 is divided by 30?
10
Calculate the remainder when 3231 is divided by 66.
63
Calculate the remainder when 16158 is divided by 143.
142
What is the remainder when 268 is divided by 50?
18
What is the remainder when 4692 is divided by 196?
184
Calculate the remainder when 94168 is divided by 77.
74
What is the remainder when 6267 is divided by 36?
3
What is the remainder when 15750 is divided by 42?
0
What is the remainder when 786 is divided by 63?
30
What is the remainder when 33980 is divided by 8488?
28
What is the remainder when 5023 is divided by 2356?
311
Calculate the remainder when 4193214 is divided by 2121.
2118
What is the remainder when 9993 is divided by 28?
25
What is the remainder when 295235 is divided by 531?
530
Calculate the remainder when 15867 is divided by 5189.
300
Calculate the remainder when 3456 is divided by 71.
48
Calculate the remainder when 184805 is divided by 291.
20
What is the remainder when 5697 is divided by 52?
29
What is the remainder when 115606 is divided by 30?
16
What is the remainder when 3440 is divided by 451?
283
Calculate the remainder when 7980 is divided by 16.
12
Calculate the remainder when 38757 is divided by 68.
65
Calculate the remainder when 1300694 is divided by 8.
6
What is the remainder when 1251 is divided by 46?
9
What is the remainder when 2609 is divided by 927?
755
What is the remainder when 169599 is divided by 436?
431
What is the remainder when 6251 is divided by 61?
29
What is the remainder when 168908 is divided by 144?
140
Calculate the remainder when 353951 is divided by 17.
11
What is the remainder when 2322 is divided by 83?
81
Calculate the remainder when 38946 is divided by 493.
492
What is the remainder when 5497 is divided by 5063?
434
What is the remainder when 1381 is divided by 118?
83
What is the remainder when 8439 is divided by 8003?
436
Calculate the remainder when 882 is divided by 280.
42
What is the remainder when 99243 is divided by 33061?
60
What is the remainder when 163899 is divided by 44?
43
Calculate the remainder when 3712 is divided by 1805.
102
What is the remainder when 30982 is divided by 10281?
139
Calculate the remainder when 2281 is divided by 1103.
75
What is the remainder when 10202 is divided by 88?
82
What is the remainder when 2407 is divided by 800?
7
Calculate the remainder when 8939 is divided by 19.
9
What is the remainder when 11588 is divided by 138?
134
Calculate the remainder whe